{"id":404,"date":"2010-12-01T13:29:10","date_gmt":"2010-12-01T12:29:10","guid":{"rendered":"https:\/\/kolpingsfamilie-vechta-maria-frieden.de\/?page_id=404"},"modified":"2026-04-18T12:15:02","modified_gmt":"2026-04-18T10:15:02","slug":"briefmarkenaktion","status":"publish","type":"page","link":"https:\/\/kolpingsfamilie-vechta-maria-frieden.de\/?page_id=404","title":{"rendered":"Briefmarken- und Handy-Aktion"},"content":{"rendered":"\n<h2 class=\"wp-block-heading\">Briefmarken&nbsp;sammeln \u2013 Ausbildung erm\u00f6glichen<\/h2>\n\n\n\n<p>So lautet das Motto von <em>Kolping&nbsp;International,<\/em> dem katholischen Sozialverband mit mehr als 400.000 Mitgliedern in insgesamt 61 L\u00e4ndern.<br>Jutta Hellmann hat die <em>Briefmarkenaktion<\/em> unserer Kolpingsfamilie 2008 ins Leben gerufen. Nachdem sie durch die Gemeindemission in Maria-Frieden im Jahre 1979 durch den Gemeindemissionar Pater Kurt Kasper zum Briefmarkensammeln gekommen war, unterst\u00fctzte sie 28 Jahre lang mit den von ihr zusammengetragenen Briefmarkenspenden bis ins Jahr 2007 die Sumba-Mission. Leider gab es nach dem Tod von Pater Kasper keinen Nachfolger f\u00fcr seine Hilfsprojekte. Doch wie das so ist im Leben: Wenn sich eine T\u00fcr schlie\u00dft, dann \u00f6ffnet sich nicht selten eine neue. So geschehen auch mit Juttas Briefmarkeninitiative. Sie sammelte weiter und stie\u00df im Jahr 2008 auf einen Artikel in der Kolpingzeitung, der auf die Briefmarkenaktion von <em>Kolping International<\/em> aufmerksam machte. Sofort holte Jutta alle Kolpinger zur neuen Gemeinschaftsaktion mit ins Boot. Die Sammelergebnisse, die in den vielen Jahren dank der vielen flei\u00dfigen Unterst\u00fctzerInnen jeweils auf der Kolping-Gedenktagfeier zusammengetragen werden konnten, sind im digitalen Zeitalter sehr beachtlich und sprechen f\u00fcr sich:<\/p>\n\n\n\n<pre class=\"wp-block-preformatted\">  2008:   5,10 kg<br>  2009:  10,90 kg<br>  2010:  11,90 kg<br>  2011:  13,25 kg<br>  2012:  12,90 kg<br>  2013:  13,90 kg<br>  2014:  14,40 kg<br>  2015:   8,70 kg<br>  2016:  19,10 kg<br>  2017:  15,60 kg<br>  2018:  14,70 kg<br>  2019: 118,75 kg<br>  2020:  17,80 kg<br>  2021:  27,50 kg<br>  2022:  14,70 kg<br>  2023:  35,50 kg<br>  2024:  31,00 kg<br>  2025:  35,80 kg<br><br>Das Schneeballprinzip beim Sammeln funktioniert pr\u00e4chtig: So haben viele Mitgliederinnen und Mitglieder unserer Kolpingsfamilie am Arbeitsplatz einen Schuhkarton f\u00fcr Spenden aufgestellt. Diese zwei bedeutenden Sammelst\u00fctzpunkte m\u00f6chten wir an dieser Stelle besonders hervorheben:<\/pre>\n\n\n\n<ul>\n<li>Heimatverein Oythe e. V.<\/li>\n\n\n\n<li>Universit\u00e4t Vechta<\/li>\n<\/ul>\n\n\n\n<p>Das durch den Verkauf alter Briefmarken, Ersttagsbriefe und Sammelalben erwirtschaftete Geld flie\u00dft ausschlie\u00dflich in berufsbildende Ma\u00dfnahmen in Afrika, Lateinamerika, Asien, Mittel- u. Osteuropa. Wir alle wissen, dass eine Berufsausbildung f\u00fcr viele Menschen der Schl\u00fcssel f\u00fcr den Ausstieg aus der Armut hin zu einem geregelten Einkommen ist. Viele Informationen zu den verschiedensten Spendenaktionen von Kolping International k\u00f6nnen Sie <a href=\"https:\/\/www.kolping.net\/\">hier<\/a> in Erfahrung bringen.<\/p>\n\n\n\n<p>Die im Herbst 2014 von <em>Kolping <\/em>zus\u00e4tzlich ins Leben gerufene <em>Handy-Sammelaktion<\/em> ist zwischenzeitlich sehr gut ins Rollen gekommen. So hat unsere Kolpingsfamilie seither jedes Jahr mit mindestens einem prall gef\u00fcllten Karton Mobiltelefone diese Initiative unterst\u00fctzt.<\/p>\n\n\n\n<p>Dass alte Handys wertvolle Rohstoffe enthalten, die meist unter sehr schlechten Arbeitsbedingungen und mit negativen Auswirkungen auf die Umwelt abgebaut werden, wissen die Wenigsten. Weil Handys sch\u00e4dliche Schwermetalle enthalten, sollten sie in jedem Fall ordnungsgem\u00e4\u00df entsorgt werden. Hier greift die Aktion von Kolping! <strong>Tats\u00e4chlich sind sogar 95\u202f% der gebrauchten Handys noch funktionsf\u00e4hig. Deshalb gilt: Wenn vorhanden, bitte Akku und Ladeger\u00e4t mit abgeben. Nach einer Reparatur k\u00f6nnen diese Handys wieder ver\u00e4u\u00dfert werden.<\/strong> <strong>Dabei werden alle auf dem Ger\u00e4t befindlichen Daten der Vorbesitzer*innen verl\u00e4sslich gel\u00f6scht!!! (siehe unten; verlinkte Infos zur Handyaktion).<\/strong><\/p>\n\n\n\n<p>Mit dem Anteil am Erl\u00f6s aus der Handyspendenaktion unterst\u00fctzt das Kolpingwerk die Bewusstseinsbildung f\u00fcr die Bek\u00e4mpfung von Fluchtursachen. So werden aktuell von Kolping und <em>missio<\/em> Unterrichtsmaterialien f\u00fcr Schulen erstellt, um damit Kindern und Jugendlichen die Verbindung unseres Lebensstils mit Fluchtursachen zu verdeutlichen.<br>Beispiel: In Handys verbaute Rohstoffe und die Gewalt im Kongo (bei der <em>missio<\/em> Menschen hilft, sich aus den ausbeuterischen Lebensbedingungen zu befreien).<\/p>\n\n\n\n<p>Wir verweisen an dieser Stelle auf die lesenswerten Infos zu dieser Aktion aus dem <a href=\"https:\/\/kolpingsfamilie-vechta-maria-frieden.de\/wp-content\/uploads\/2022\/04\/Bericht_Wiederverwertung_Kolpingmagazin_3-2021_S13-15.pdf\" target=\"_blank\" rel=\"noreferrer noopener\">Kolpingmagazin 3-2021<\/a>.<\/p>\n\n\n\n<p>Der Fortschritt der Digitalisierung f\u00fchrt auf Kurz oder Lang im Ergebnis zu einer bedeutend geringeren \u201eBriefmarkenausbeute\u201c. Nichts desto trotz bleiben wir motiviert am Ball und m\u00f6chten auch Sie ermuntern flei\u00dfig weiter zu sammeln.<\/p>\n\n\n\n<p>Jede Spende (egal ob Briefmarke oder Handy) z\u00e4hlt!<\/p>\n\n\n\n<p>Wer alte Briefmarkenalben, ausgeschnittene Briefmarken oder alte bzw. defekte Mobiltelefone abzugeben hat, nimmt gerne Kontakt auf mit:<\/p>\n\n\n\n<p>Jutta Hellmann<br>E-Mail: juwehell@ewetel.net<\/p>\n\n\n\n<p>Treu Kolping<\/p>\n\n\n<div class=\"wp-block-image\">\n<figure class=\"alignleft\"><a href=\"https:\/\/kolpingsfamilie-vechta-maria-frieden.de\/wp-content\/uploads\/2018\/12\/2018-12-08_Briefmarken_Jutta.jpg\"><img loading=\"lazy\" decoding=\"async\" width=\"300\" height=\"242\" src=\"https:\/\/kolpingsfamilie-vechta-maria-frieden.de\/wp-content\/uploads\/2018\/12\/2018-12-08_Briefmarken_Jutta-300x242.jpg\" alt=\"Juttas Mitteilungen zur Briefmarkenaktion\" class=\"wp-image-2153\" srcset=\"https:\/\/kolpingsfamilie-vechta-maria-frieden.de\/wp-content\/uploads\/2018\/12\/2018-12-08_Briefmarken_Jutta-300x242.jpg 300w, https:\/\/kolpingsfamilie-vechta-maria-frieden.de\/wp-content\/uploads\/2018\/12\/2018-12-08_Briefmarken_Jutta-768x620.jpg 768w, https:\/\/kolpingsfamilie-vechta-maria-frieden.de\/wp-content\/uploads\/2018\/12\/2018-12-08_Briefmarken_Jutta-150x121.jpg 150w, https:\/\/kolpingsfamilie-vechta-maria-frieden.de\/wp-content\/uploads\/2018\/12\/2018-12-08_Briefmarken_Jutta.jpg 1000w\" sizes=\"(max-width: 300px) 100vw, 300px\" \/><\/a><figcaption class=\"wp-element-caption\">Juttas Mitteilungen zur Briefmarkenaktion<\/figcaption><\/figure><\/div>\n\n<div class=\"wp-block-image\">\n<figure class=\"alignleft\"><a href=\"https:\/\/kolpingsfamilie-vechta-maria-frieden.de\/wp-content\/uploads\/2010\/12\/Briefmarken_Handy_Sa_2016-12-10T19-59-58.jpg\"><img loading=\"lazy\" decoding=\"async\" width=\"300\" height=\"225\" src=\"https:\/\/kolpingsfamilie-vechta-maria-frieden.de\/wp-content\/uploads\/2010\/12\/Briefmarken_Handy_Sa_2016-12-10T19-59-58-300x225.jpg\" alt=\"Alte Handies\" class=\"wp-image-1866\" srcset=\"https:\/\/kolpingsfamilie-vechta-maria-frieden.de\/wp-content\/uploads\/2010\/12\/Briefmarken_Handy_Sa_2016-12-10T19-59-58-300x225.jpg 300w, https:\/\/kolpingsfamilie-vechta-maria-frieden.de\/wp-content\/uploads\/2010\/12\/Briefmarken_Handy_Sa_2016-12-10T19-59-58-768x576.jpg 768w, https:\/\/kolpingsfamilie-vechta-maria-frieden.de\/wp-content\/uploads\/2010\/12\/Briefmarken_Handy_Sa_2016-12-10T19-59-58-1024x768.jpg 1024w, https:\/\/kolpingsfamilie-vechta-maria-frieden.de\/wp-content\/uploads\/2010\/12\/Briefmarken_Handy_Sa_2016-12-10T19-59-58-150x113.jpg 150w\" sizes=\"(max-width: 300px) 100vw, 300px\" \/><\/a><figcaption class=\"wp-element-caption\">Alte Handys<\/figcaption><\/figure><\/div>\n\n<div class=\"wp-block-image\">\n<figure class=\"alignleft\"><a href=\"https:\/\/kolpingsfamilie-vechta-maria-frieden.de\/wp-content\/uploads\/2018\/12\/2018-12-08_Briefmarken_auf_Waage.jpg\"><img loading=\"lazy\" decoding=\"async\" width=\"255\" height=\"300\" src=\"https:\/\/kolpingsfamilie-vechta-maria-frieden.de\/wp-content\/uploads\/2018\/12\/2018-12-08_Briefmarken_auf_Waage-255x300.jpg\" alt=\"Briefmarkenwiegen\" class=\"wp-image-2152\" srcset=\"https:\/\/kolpingsfamilie-vechta-maria-frieden.de\/wp-content\/uploads\/2018\/12\/2018-12-08_Briefmarken_auf_Waage-255x300.jpg 255w, https:\/\/kolpingsfamilie-vechta-maria-frieden.de\/wp-content\/uploads\/2018\/12\/2018-12-08_Briefmarken_auf_Waage-768x904.jpg 768w, https:\/\/kolpingsfamilie-vechta-maria-frieden.de\/wp-content\/uploads\/2018\/12\/2018-12-08_Briefmarken_auf_Waage-870x1024.jpg 870w, https:\/\/kolpingsfamilie-vechta-maria-frieden.de\/wp-content\/uploads\/2018\/12\/2018-12-08_Briefmarken_auf_Waage-127x150.jpg 127w, https:\/\/kolpingsfamilie-vechta-maria-frieden.de\/wp-content\/uploads\/2018\/12\/2018-12-08_Briefmarken_auf_Waage.jpg 1000w\" sizes=\"(max-width: 255px) 100vw, 255px\" \/><\/a><figcaption class=\"wp-element-caption\">Briefmarkenwiegen<\/figcaption><\/figure><\/div>","protected":false},"excerpt":{"rendered":"<p>Briefmarken&nbsp;sammeln \u2013 Ausbildung erm\u00f6glichen So lautet das Motto von Kolping&nbsp;International, dem katholischen Sozialverband mit mehr als 400.000 Mitgliedern in insgesamt 61 L\u00e4ndern.Jutta Hellmann hat die Briefmarkenaktion unserer Kolpingsfamilie 2008 ins Leben gerufen. Nachdem sie durch die Gemeindemission in Maria-Frieden im Jahre 1979 durch den Gemeindemissionar Pater Kurt Kasper zum Briefmarkensammeln gekommen war, unterst\u00fctzte sie 28&hellip;<\/p>\n","protected":false},"author":1,"featured_media":0,"parent":0,"menu_order":0,"comment_status":"closed","ping_status":"closed","template":"","meta":{"footnotes":""},"_links":{"self":[{"href":"https:\/\/kolpingsfamilie-vechta-maria-frieden.de\/index.php?rest_route=\/wp\/v2\/pages\/404"}],"collection":[{"href":"https:\/\/kolpingsfamilie-vechta-maria-frieden.de\/index.php?rest_route=\/wp\/v2\/pages"}],"about":[{"href":"https:\/\/kolpingsfamilie-vechta-maria-frieden.de\/index.php?rest_route=\/wp\/v2\/types\/page"}],"author":[{"embeddable":true,"href":"https:\/\/kolpingsfamilie-vechta-maria-frieden.de\/index.php?rest_route=\/wp\/v2\/users\/1"}],"replies":[{"embeddable":true,"href":"https:\/\/kolpingsfamilie-vechta-maria-frieden.de\/index.php?rest_route=%2Fwp%2Fv2%2Fcomments&post=404"}],"version-history":[{"count":35,"href":"https:\/\/kolpingsfamilie-vechta-maria-frieden.de\/index.php?rest_route=\/wp\/v2\/pages\/404\/revisions"}],"predecessor-version":[{"id":2856,"href":"https:\/\/kolpingsfamilie-vechta-maria-frieden.de\/index.php?rest_route=\/wp\/v2\/pages\/404\/revisions\/2856"}],"wp:attachment":[{"href":"https:\/\/kolpingsfamilie-vechta-maria-frieden.de\/index.php?rest_route=%2Fwp%2Fv2%2Fmedia&parent=404"}],"curies":[{"name":"wp","href":"https:\/\/api.w.org\/{rel}","templated":true}]}}