{"id":979,"date":"2012-12-23T13:56:26","date_gmt":"2012-12-23T12:56:26","guid":{"rendered":"https:\/\/kolpingsfamilie-vechta-maria-frieden.de\/?page_id=979"},"modified":"2013-02-05T07:59:58","modified_gmt":"2013-02-05T06:59:58","slug":"defibrillator","status":"publish","type":"page","link":"https:\/\/kolpingsfamilie-vechta-maria-frieden.de\/?page_id=979","title":{"rendered":"Defibrillator"},"content":{"rendered":"<p>Aus dem Erl\u00f6s der Rezeptbuchaktion wurde f\u00fcr das Pfarrheim Maria Frieden ein Defibrillator angeschaft.<\/p>\n<p><a href=\"https:\/\/kolpingsfamilie-vechta-maria-frieden.de\/wp-content\/uploads\/2012\/12\/IMG_10931.jpg\"><img loading=\"lazy\" decoding=\"async\" class=\"aligncenter size-medium wp-image-989\" title=\"IMG_9999\" src=\"https:\/\/kolpingsfamilie-vechta-maria-frieden.de\/wp-content\/uploads\/2012\/12\/IMG_10931-300x225.jpg\" alt=\"\" width=\"300\" height=\"225\" srcset=\"https:\/\/kolpingsfamilie-vechta-maria-frieden.de\/wp-content\/uploads\/2012\/12\/IMG_10931-300x225.jpg 300w, https:\/\/kolpingsfamilie-vechta-maria-frieden.de\/wp-content\/uploads\/2012\/12\/IMG_10931-150x112.jpg 150w, https:\/\/kolpingsfamilie-vechta-maria-frieden.de\/wp-content\/uploads\/2012\/12\/IMG_10931.jpg 1024w\" sizes=\"(max-width: 300px) 100vw, 300px\" \/><\/a><\/p>\n<p>Mit dieser Aktion m\u00f6chten wir die Wartungskosten (ca. 150,00 \u20ac pro Jahr) auf ein Sonderkonto sammeln. Die Kolpingsfamilie Vechta Maria Frieden bittet um Eure Unterst\u00fctzung, indem ihr ein Dauerauftrag in H\u00f6he von 3,00 \u20ac &#8211; 5,00 \u20ac pro Jahr auf folgendes Konto einrichtet:<\/p>\n<p style=\"text-align: center;\"><strong><em>Volksbank Vechta<\/em><\/strong><\/p>\n<p style=\"text-align: center;\"><strong><em>BLZ: 28064179<\/em><\/strong><\/p>\n<p style=\"text-align: center;\"><strong><em>Kontonummer: 127127001<\/em><\/strong><\/p>\n<p style=\"text-align: center;\">\n<p style=\"text-align: center;\">Danke f\u00fcr Eure Mithilfe!<\/p>\n","protected":false},"excerpt":{"rendered":"<p>Aus dem Erl\u00f6s der Rezeptbuchaktion wurde f\u00fcr das Pfarrheim Maria Frieden ein Defibrillator angeschaft. Mit dieser Aktion m\u00f6chten wir die Wartungskosten (ca. 150,00 \u20ac pro Jahr) auf ein Sonderkonto sammeln. Die Kolpingsfamilie Vechta Maria Frieden bittet um Eure Unterst\u00fctzung, indem ihr ein Dauerauftrag in H\u00f6he von 3,00 \u20ac &#8211; 5,00 \u20ac pro Jahr auf folgendes&hellip;<\/p>\n","protected":false},"author":1,"featured_media":0,"parent":0,"menu_order":0,"comment_status":"closed","ping_status":"closed","template":"","meta":{"footnotes":""},"_links":{"self":[{"href":"https:\/\/kolpingsfamilie-vechta-maria-frieden.de\/index.php?rest_route=\/wp\/v2\/pages\/979"}],"collection":[{"href":"https:\/\/kolpingsfamilie-vechta-maria-frieden.de\/index.php?rest_route=\/wp\/v2\/pages"}],"about":[{"href":"https:\/\/kolpingsfamilie-vechta-maria-frieden.de\/index.php?rest_route=\/wp\/v2\/types\/page"}],"author":[{"embeddable":true,"href":"https:\/\/kolpingsfamilie-vechta-maria-frieden.de\/index.php?rest_route=\/wp\/v2\/users\/1"}],"replies":[{"embeddable":true,"href":"https:\/\/kolpingsfamilie-vechta-maria-frieden.de\/index.php?rest_route=%2Fwp%2Fv2%2Fcomments&post=979"}],"version-history":[{"count":6,"href":"https:\/\/kolpingsfamilie-vechta-maria-frieden.de\/index.php?rest_route=\/wp\/v2\/pages\/979\/revisions"}],"predecessor-version":[{"id":1000,"href":"https:\/\/kolpingsfamilie-vechta-maria-frieden.de\/index.php?rest_route=\/wp\/v2\/pages\/979\/revisions\/1000"}],"wp:attachment":[{"href":"https:\/\/kolpingsfamilie-vechta-maria-frieden.de\/index.php?rest_route=%2Fwp%2Fv2%2Fmedia&parent=979"}],"curies":[{"name":"wp","href":"https:\/\/api.w.org\/{rel}","templated":true}]}}